{"id":1453,"date":"2018-07-02T14:36:12","date_gmt":"2018-07-02T12:36:12","guid":{"rendered":"http:\/\/beautydermspa.pl\/spa\/?post_type=product&#038;p=1453"},"modified":"2025-08-11T10:29:10","modified_gmt":"2025-08-11T08:29:10","slug":"ultradzwieki","status":"publish","type":"product","link":"https:\/\/www.beautydermspa.pl\/spa\/produkt\/ultradzwieki\/","title":{"rendered":"Liposukcja Ultrad\u017awi\u0119kowa"},"content":{"rendered":"<p>Zabieg przeprowadza si\u0119 miejscowo z wykorzystaniem g\u0142owicy, kt\u00f3ra emituje fale d\u017awi\u0119kowe o wysokiej cz\u0119stotliwo\u015bci. Liposukcja Ultrad\u017awi\u0119kowa polega na wykonaniu naci\u0119\u0107 i odessaniu nadmiaru t\u0142uszczu, ultrad\u017awi\u0119ki rozbijaj\u0105 kom\u00f3rki t\u0142uszczowe. Nast\u0119pnie zostaj\u0105 one odprowadzone przez uk\u0142ad limfatyczny i \u017cylny, dzi\u0119ki czemu mo\u017cliwe staje si\u0119 te\u017c ich zmetabolizowanie. Efekt uwidacznia si\u0119 stopniowo. Specyfik\u0105 liposukcji ultrad\u017awi\u0119kowej jest konieczno\u015b\u0107 wykonania serii zabieg\u00f3w, by uzyska\u0107 po\u017c\u0105dane rezultaty.<\/p>\n<p>Zabieg na wybran\u0105 parti\u0119 cia\u0142a<\/p>\n<p>(30 min)<\/p>\n","protected":false},"excerpt":{"rendered":"<p>Zabieg przeprowadza si\u0119 miejscowo z wykorzystaniem g\u0142owicy, kt\u00f3ra emituje fale d\u017awi\u0119kowe o wysokiej cz\u0119stotliwo\u015bci. Liposukcja Ultrad\u017awi\u0119kowa polega na wykonaniu naci\u0119\u0107 i odessaniu nadmiaru t\u0142uszczu, ultrad\u017awi\u0119ki rozbijaj\u0105 kom\u00f3rki t\u0142uszczowe. Nast\u0119pnie zostaj\u0105 one odprowadzone przez uk\u0142ad limfatyczny i \u017cylny, dzi\u0119ki czemu mo\u017cliwe staje si\u0119 te\u017c ich zmetabolizowanie. Efekt uwidacznia si\u0119 stopniowo. Specyfik\u0105 liposukcji ultrad\u017awi\u0119kowej jest konieczno\u015b\u0107 wykonania [&hellip;]<\/p>\n","protected":false},"featured_media":686,"template":"","meta":{"_monsterinsights_skip_tracking":false,"_monsterinsights_sitenote_active":false,"_monsterinsights_sitenote_note":"","_monsterinsights_sitenote_category":0},"product_cat":[70,69,68],"product_tag":[],"yoast_head":"<!-- This site is optimized with the Yoast SEO plugin v17.4 - https:\/\/yoast.com\/wordpress\/plugins\/seo\/ -->\n<title>Liposukcja Ultrad\u017awi\u0119kowa - Beauty Derm Spa Gda\u0144sk Hotel Posejdon<\/title>\n<meta name=\"description\" content=\"Liposukcja Ultrad\u017awi\u0119kowa\" \/>\n<meta name=\"robots\" content=\"index, follow, max-snippet:-1, max-image-preview:large, max-video-preview:-1\" \/>\n<link rel=\"canonical\" href=\"https:\/\/www.beautydermspa.pl\/spa\/produkt\/ultradzwieki\/\" \/>\n<meta property=\"og:locale\" content=\"pl_PL\" \/>\n<meta property=\"og:type\" content=\"article\" \/>\n<meta property=\"og:title\" content=\"Liposukcja Ultrad\u017awi\u0119kowa - Beauty Derm Spa Gda\u0144sk Hotel Posejdon\" \/>\n<meta property=\"og:description\" content=\"Liposukcja Ultrad\u017awi\u0119kowa\" \/>\n<meta property=\"og:url\" content=\"https:\/\/www.beautydermspa.pl\/spa\/produkt\/ultradzwieki\/\" \/>\n<meta property=\"og:site_name\" content=\"Beauty Derm Spa Gda\u0144sk Hotel Posejdon\" \/>\n<meta property=\"article:publisher\" content=\"https:\/\/www.facebook.com\/BeautyDermInstytutCentrumSPA\" \/>\n<meta property=\"article:modified_time\" content=\"2025-08-11T08:29:10+00:00\" \/>\n<meta property=\"og:image\" content=\"https:\/\/www.beautydermspa.pl\/spa\/wp-content\/\/uploads\/2018\/04\/BDspa.png\" \/>\n\t<meta property=\"og:image:width\" content=\"400\" \/>\n\t<meta property=\"og:image:height\" content=\"400\" \/>\n<meta name=\"twitter:card\" content=\"summary_large_image\" \/>\n<meta name=\"twitter:label1\" content=\"Szacowany czas czytania\" \/>\n\t<meta name=\"twitter:data1\" content=\"1 minuta\" \/>\n<script type=\"application\/ld+json\" class=\"yoast-schema-graph\">{\"@context\":\"https:\/\/schema.org\",\"@graph\":[{\"@type\":\"WebSite\",\"@id\":\"https:\/\/www.beautydermspa.pl\/spa\/#website\",\"url\":\"https:\/\/www.beautydermspa.pl\/spa\/\",\"name\":\"Beauty Derm Spa Gda\\u0144sk Hotel Posejdon\",\"description\":\"Hotel Mercure Gda\\u0144sk Posejdon\",\"potentialAction\":[{\"@type\":\"SearchAction\",\"target\":{\"@type\":\"EntryPoint\",\"urlTemplate\":\"https:\/\/www.beautydermspa.pl\/spa\/?s={search_term_string}\"},\"query-input\":\"required name=search_term_string\"}],\"inLanguage\":\"pl-PL\"},{\"@type\":\"ImageObject\",\"@id\":\"https:\/\/www.beautydermspa.pl\/spa\/produkt\/ultradzwieki\/#primaryimage\",\"inLanguage\":\"pl-PL\",\"url\":\"https:\/\/www.beautydermspa.pl\/spa\/wp-content\/\/uploads\/2018\/04\/BDspa.png\",\"contentUrl\":\"https:\/\/www.beautydermspa.pl\/spa\/wp-content\/\/uploads\/2018\/04\/BDspa.png\",\"width\":400,\"height\":400},{\"@type\":\"WebPage\",\"@id\":\"https:\/\/www.beautydermspa.pl\/spa\/produkt\/ultradzwieki\/#webpage\",\"url\":\"https:\/\/www.beautydermspa.pl\/spa\/produkt\/ultradzwieki\/\",\"name\":\"Liposukcja Ultrad\\u017awi\\u0119kowa - Beauty Derm Spa Gda\\u0144sk Hotel Posejdon\",\"isPartOf\":{\"@id\":\"https:\/\/www.beautydermspa.pl\/spa\/#website\"},\"primaryImageOfPage\":{\"@id\":\"https:\/\/www.beautydermspa.pl\/spa\/produkt\/ultradzwieki\/#primaryimage\"},\"datePublished\":\"2018-07-02T12:36:12+00:00\",\"dateModified\":\"2025-08-11T08:29:10+00:00\",\"description\":\"Liposukcja Ultrad\\u017awi\\u0119kowa\",\"breadcrumb\":{\"@id\":\"https:\/\/www.beautydermspa.pl\/spa\/produkt\/ultradzwieki\/#breadcrumb\"},\"inLanguage\":\"pl-PL\",\"potentialAction\":[{\"@type\":\"ReadAction\",\"target\":[\"https:\/\/www.beautydermspa.pl\/spa\/produkt\/ultradzwieki\/\"]}]},{\"@type\":\"BreadcrumbList\",\"@id\":\"https:\/\/www.beautydermspa.pl\/spa\/produkt\/ultradzwieki\/#breadcrumb\",\"itemListElement\":[{\"@type\":\"ListItem\",\"position\":1,\"name\":\"Strona g\\u0142\\u00f3wna\",\"item\":\"https:\/\/www.beautydermspa.pl\/spa\/start\/\"},{\"@type\":\"ListItem\",\"position\":2,\"name\":\"Sklep\",\"item\":\"https:\/\/www.beautydermspa.pl\/spa\/sklep\/\"},{\"@type\":\"ListItem\",\"position\":3,\"name\":\"Liposukcja Ultrad\\u017awi\\u0119kowa\"}]}]}<\/script>\n<!-- \/ Yoast SEO plugin. -->","yoast_head_json":{"title":"Liposukcja Ultrad\u017awi\u0119kowa - Beauty Derm Spa Gda\u0144sk Hotel Posejdon","description":"Liposukcja Ultrad\u017awi\u0119kowa","robots":{"index":"index","follow":"follow","max-snippet":"max-snippet:-1","max-image-preview":"max-image-preview:large","max-video-preview":"max-video-preview:-1"},"canonical":"https:\/\/www.beautydermspa.pl\/spa\/produkt\/ultradzwieki\/","og_locale":"pl_PL","og_type":"article","og_title":"Liposukcja Ultrad\u017awi\u0119kowa - Beauty Derm Spa Gda\u0144sk Hotel Posejdon","og_description":"Liposukcja Ultrad\u017awi\u0119kowa","og_url":"https:\/\/www.beautydermspa.pl\/spa\/produkt\/ultradzwieki\/","og_site_name":"Beauty Derm Spa Gda\u0144sk Hotel Posejdon","article_publisher":"https:\/\/www.facebook.com\/BeautyDermInstytutCentrumSPA","article_modified_time":"2025-08-11T08:29:10+00:00","og_image":[{"width":400,"height":400,"url":"https:\/\/www.beautydermspa.pl\/spa\/wp-content\/\/uploads\/2018\/04\/BDspa.png","type":"image\/png"}],"twitter_card":"summary_large_image","twitter_misc":{"Szacowany czas czytania":"1 minuta"},"schema":{"@context":"https:\/\/schema.org","@graph":[{"@type":"WebSite","@id":"https:\/\/www.beautydermspa.pl\/spa\/#website","url":"https:\/\/www.beautydermspa.pl\/spa\/","name":"Beauty Derm Spa Gda\u0144sk Hotel Posejdon","description":"Hotel Mercure Gda\u0144sk Posejdon","potentialAction":[{"@type":"SearchAction","target":{"@type":"EntryPoint","urlTemplate":"https:\/\/www.beautydermspa.pl\/spa\/?s={search_term_string}"},"query-input":"required name=search_term_string"}],"inLanguage":"pl-PL"},{"@type":"ImageObject","@id":"https:\/\/www.beautydermspa.pl\/spa\/produkt\/ultradzwieki\/#primaryimage","inLanguage":"pl-PL","url":"https:\/\/www.beautydermspa.pl\/spa\/wp-content\/\/uploads\/2018\/04\/BDspa.png","contentUrl":"https:\/\/www.beautydermspa.pl\/spa\/wp-content\/\/uploads\/2018\/04\/BDspa.png","width":400,"height":400},{"@type":"WebPage","@id":"https:\/\/www.beautydermspa.pl\/spa\/produkt\/ultradzwieki\/#webpage","url":"https:\/\/www.beautydermspa.pl\/spa\/produkt\/ultradzwieki\/","name":"Liposukcja Ultrad\u017awi\u0119kowa - Beauty Derm Spa Gda\u0144sk Hotel Posejdon","isPartOf":{"@id":"https:\/\/www.beautydermspa.pl\/spa\/#website"},"primaryImageOfPage":{"@id":"https:\/\/www.beautydermspa.pl\/spa\/produkt\/ultradzwieki\/#primaryimage"},"datePublished":"2018-07-02T12:36:12+00:00","dateModified":"2025-08-11T08:29:10+00:00","description":"Liposukcja Ultrad\u017awi\u0119kowa","breadcrumb":{"@id":"https:\/\/www.beautydermspa.pl\/spa\/produkt\/ultradzwieki\/#breadcrumb"},"inLanguage":"pl-PL","potentialAction":[{"@type":"ReadAction","target":["https:\/\/www.beautydermspa.pl\/spa\/produkt\/ultradzwieki\/"]}]},{"@type":"BreadcrumbList","@id":"https:\/\/www.beautydermspa.pl\/spa\/produkt\/ultradzwieki\/#breadcrumb","itemListElement":[{"@type":"ListItem","position":1,"name":"Strona g\u0142\u00f3wna","item":"https:\/\/www.beautydermspa.pl\/spa\/start\/"},{"@type":"ListItem","position":2,"name":"Sklep","item":"https:\/\/www.beautydermspa.pl\/spa\/sklep\/"},{"@type":"ListItem","position":3,"name":"Liposukcja Ultrad\u017awi\u0119kowa"}]}]}},"_links":{"self":[{"href":"https:\/\/www.beautydermspa.pl\/spa\/wp-json\/wp\/v2\/product\/1453"}],"collection":[{"href":"https:\/\/www.beautydermspa.pl\/spa\/wp-json\/wp\/v2\/product"}],"about":[{"href":"https:\/\/www.beautydermspa.pl\/spa\/wp-json\/wp\/v2\/types\/product"}],"wp:featuredmedia":[{"embeddable":true,"href":"https:\/\/www.beautydermspa.pl\/spa\/wp-json\/wp\/v2\/media\/686"}],"wp:attachment":[{"href":"https:\/\/www.beautydermspa.pl\/spa\/wp-json\/wp\/v2\/media?parent=1453"}],"wp:term":[{"taxonomy":"product_cat","embeddable":true,"href":"https:\/\/www.beautydermspa.pl\/spa\/wp-json\/wp\/v2\/product_cat?post=1453"},{"taxonomy":"product_tag","embeddable":true,"href":"https:\/\/www.beautydermspa.pl\/spa\/wp-json\/wp\/v2\/product_tag?post=1453"}],"curies":[{"name":"wp","href":"https:\/\/api.w.org\/{rel}","templated":true}]}}